{"id":10773,"date":"2025-08-29T09:19:29","date_gmt":"2025-08-29T09:19:29","guid":{"rendered":"https:\/\/lesdessousdenath.fr\/?post_type=product&#038;p=10773"},"modified":"2026-04-16T00:45:08","modified_gmt":"2026-04-16T00:45:08","slug":"collant-dots","status":"publish","type":"product","link":"https:\/\/lesdessousdenath.fr\/index.php\/product\/collant-dots\/","title":{"rendered":"Collant DOTS chair"},"content":{"rendered":"<p><strong>Collant DOTS chair<\/strong><\/p>\n<p>La fibre doublement enlac\u00e9e d&rsquo;une soie en polyamide utilis\u00e9e dans ce mod\u00e8le, gr\u00e2ce \u00e0 sa structure d\u00e9licate, compacte, est tr\u00e8s douce et velout\u00e9e au toucher, ce qui rend les collants \u00e0 petits points plus robustes et fait qu&rsquo;ils se filent moins facilement.<br \/>\nL&rsquo;\u00e9paisseur de 20 deniers permet aux collants d&rsquo;envelopper les jambes d&rsquo;un tissu doux et agr\u00e9able au toucher.<\/p>\n<p>\u2714 Collants \u00e0 motifs<br \/>\n\u2714 Collants \u00e0 petits points<br \/>\n\u2714 Collants de 20 deniers<br \/>\n\u2714 Fibres \u00e9lastiques<br \/>\n\u2714 Petit gousset en coton<br \/>\n\u2714 Pas de partie culottes distincte<br \/>\n\u2714 Pas de partie orteils distincte<br \/>\n\u2714 85% polyamide, 15% \u00e9lasthanne <\/p>\n","protected":false},"excerpt":{"rendered":"<p style=\"margin-top: -100px; margin-left: -45px;\"><img decoding=\"async\" style=\"max-height: 120px;\" src=\"https:\/\/lesdessousdenath.fr\/wp-content\/uploads\/2020\/11\/Nat.png\" \/><\/p>\n<p style=\"font-size: 30px; margin-top: -50px;\"><strong>COLLANT DOTS CHAIR<\/strong><\/p>\n<p>Ces collants <strong>DOTS<\/strong> \u00e0 motif sont d\u00e9cor\u00e9s de petits points rouges et oranges \u00e9parpill\u00e9s sur toutes les jambes, des pieds jusqu&rsquo;\u00e0 la taille.<br \/>\nL&rsquo;absence de partie culotte s\u00e9par\u00e9e, un renforcement invisible sur les orteils et un gousset en coton avec une couture plate garantissent le confort d&rsquo;utilisation.<\/p>\n<p>Gr\u00e2ce \u00e0 leur couture plate, ces collants ne se d\u00e9marquent pas m\u00eame sous un v\u00eatement serr\u00e9.<\/p>\n<blockquote><p>Les petits points sont l&rsquo;un des motifs sur les collants choisis le plus souvent dans le magasin Gabriella.<br \/>\nLe mod\u00e8le <strong>DOTS<\/strong> de <strong>Gabriella<\/strong> est la version la plus r\u00e9cente !<\/p><\/blockquote>\n<table>\n<tbody>\n<tr>\n<td style=\"text-align: center; margin: 5px; background-color: #ffffff;\">Pochette avant<br \/>\n<a href=\"https:\/\/lesdessousdenath.fr\/wp-content\/uploads\/2025\/08\/Collant-Dots-Chair-4.jpg\"><br \/>\n<img decoding=\"async\" src=\"https:\/\/lesdessousdenath.fr\/wp-content\/uploads\/2025\/08\/Collant-Dots-Chair-4.jpg\" \/><br \/>\n<\/a><\/td>\n<td style=\"text-align: center; margin: 5px; background-color: #ffffff;\">Pochette arri\u00e8re<br \/>\n<a href=\"https:\/\/lesdessousdenath.fr\/wp-content\/uploads\/2025\/08\/Collant-Dots-Chair-5.jpg\"><br \/>\n<img decoding=\"async\" src=\"https:\/\/lesdessousdenath.fr\/wp-content\/uploads\/2025\/08\/Collant-Dots-Chair-5.jpg\" \/><br \/>\n<\/a><\/td>\n<\/tr>\n<\/tbody>\n<\/table>\n<p style=\"text-align: center;\"><strong style=\"color: #ff0000;\">Attention !<\/strong><br \/>\nLes tailles peuvent \u00eatre diff\u00e9rentes selon les marques.<br \/>\n<a href=\"https:\/\/lesdessousdenath.fr\/wp-content\/uploads\/2025\/08\/Collant-Dots-Chair-6.jpg\">Voire le guide des tailles<\/a><\/p>\n","protected":false},"featured_media":10778,"comment_status":"open","ping_status":"closed","template":"","meta":[],"product_brand":[],"product_cat":[76],"product_tag":[],"class_list":{"0":"post-10773","1":"product","2":"type-product","3":"status-publish","4":"has-post-thumbnail","6":"product_cat-collants","8":"first","9":"instock","10":"taxable","11":"shipping-taxable","12":"purchasable","13":"product-type-variable"},"yoast_head":"<!-- This site is optimized with the Yoast SEO plugin v27.2 - https:\/\/yoast.com\/product\/yoast-seo-wordpress\/ -->\n<title>DOTS - collants chair \u00e0 motif de petits points de chez Gabriella<\/title>\n<meta name=\"description\" content=\"Ces collants DOTS \u00e0 motif sont d\u00e9cor\u00e9s de petits points rouges et oranges \u00e9parpill\u00e9s sur toutes les jambes, des pieds jusqu&#039;\u00e0 la taille.\" \/>\n<meta name=\"robots\" content=\"index, follow, max-snippet:-1, max-image-preview:large, max-video-preview:-1\" \/>\n<link rel=\"canonical\" href=\"https:\/\/lesdessousdenath.fr\/index.php\/product\/collant-dots\/\" \/>\n<meta property=\"og:locale\" content=\"fr_FR\" \/>\n<meta property=\"og:type\" content=\"article\" \/>\n<meta property=\"og:title\" content=\"DOTS - collants chair \u00e0 motif de petits points de chez Gabriella\" \/>\n<meta property=\"og:description\" content=\"Ces collants DOTS \u00e0 motif sont d\u00e9cor\u00e9s de petits points rouges et oranges \u00e9parpill\u00e9s sur toutes les jambes, des pieds jusqu&#039;\u00e0 la taille.\" \/>\n<meta property=\"og:url\" content=\"https:\/\/lesdessousdenath.fr\/index.php\/product\/collant-dots\/\" \/>\n<meta property=\"og:site_name\" content=\"Les dessous de Nath\" \/>\n<meta property=\"article:publisher\" content=\"https:\/\/www.facebook.com\/Les-dessous-de-Nath-100724281804184\/\" \/>\n<meta property=\"article:modified_time\" content=\"2026-04-16T00:45:08+00:00\" \/>\n<meta property=\"og:image\" content=\"https:\/\/lesdessousdenath.fr\/wp-content\/uploads\/2025\/08\/Collant-Dots-Chair-1.jpg\" \/>\n\t<meta property=\"og:image:width\" content=\"840\" \/>\n\t<meta property=\"og:image:height\" content=\"1500\" \/>\n\t<meta property=\"og:image:type\" content=\"image\/jpeg\" \/>\n<meta name=\"twitter:card\" content=\"summary_large_image\" \/>\n<meta name=\"twitter:site\" content=\"@DessousNath\" \/>\n<meta name=\"twitter:label1\" content=\"Dur\u00e9e de lecture estim\u00e9e\" \/>\n\t<meta name=\"twitter:data1\" content=\"1 minute\" \/>\n<script type=\"application\/ld+json\" class=\"yoast-schema-graph\">{\"@context\":\"https:\/\/schema.org\",\"@graph\":[{\"@type\":\"WebPage\",\"@id\":\"https:\/\/lesdessousdenath.fr\/index.php\/product\/collant-dots\/\",\"url\":\"https:\/\/lesdessousdenath.fr\/index.php\/product\/collant-dots\/\",\"name\":\"DOTS - collants chair \u00e0 motif de petits points de chez Gabriella\",\"isPartOf\":{\"@id\":\"https:\/\/lesdessousdenath.fr\/#website\"},\"primaryImageOfPage\":{\"@id\":\"https:\/\/lesdessousdenath.fr\/index.php\/product\/collant-dots\/#primaryimage\"},\"image\":{\"@id\":\"https:\/\/lesdessousdenath.fr\/index.php\/product\/collant-dots\/#primaryimage\"},\"thumbnailUrl\":\"https:\/\/i0.wp.com\/lesdessousdenath.fr\/wp-content\/uploads\/2025\/08\/Collant-Dots-Chair-1.jpg?fit=840%2C1500&ssl=1\",\"datePublished\":\"2025-08-29T09:19:29+00:00\",\"dateModified\":\"2026-04-16T00:45:08+00:00\",\"description\":\"Ces collants DOTS \u00e0 motif sont d\u00e9cor\u00e9s de petits points rouges et oranges \u00e9parpill\u00e9s sur toutes les jambes, des pieds jusqu'\u00e0 la taille.\",\"breadcrumb\":{\"@id\":\"https:\/\/lesdessousdenath.fr\/index.php\/product\/collant-dots\/#breadcrumb\"},\"inLanguage\":\"fr-FR\",\"potentialAction\":[{\"@type\":\"ReadAction\",\"target\":[\"https:\/\/lesdessousdenath.fr\/index.php\/product\/collant-dots\/\"]}]},{\"@type\":\"ImageObject\",\"inLanguage\":\"fr-FR\",\"@id\":\"https:\/\/lesdessousdenath.fr\/index.php\/product\/collant-dots\/#primaryimage\",\"url\":\"https:\/\/i0.wp.com\/lesdessousdenath.fr\/wp-content\/uploads\/2025\/08\/Collant-Dots-Chair-1.jpg?fit=840%2C1500&ssl=1\",\"contentUrl\":\"https:\/\/i0.wp.com\/lesdessousdenath.fr\/wp-content\/uploads\/2025\/08\/Collant-Dots-Chair-1.jpg?fit=840%2C1500&ssl=1\",\"width\":840,\"height\":1500},{\"@type\":\"BreadcrumbList\",\"@id\":\"https:\/\/lesdessousdenath.fr\/index.php\/product\/collant-dots\/#breadcrumb\",\"itemListElement\":[{\"@type\":\"ListItem\",\"position\":1,\"name\":\"Home\",\"item\":\"https:\/\/lesdessousdenath.fr\/\"},{\"@type\":\"ListItem\",\"position\":2,\"name\":\"BAS &#038; COLLANTS\",\"item\":\"https:\/\/lesdessousdenath.fr\/index.php\/shop\/\"},{\"@type\":\"ListItem\",\"position\":3,\"name\":\"Collant DOTS chair\"}]},{\"@type\":\"WebSite\",\"@id\":\"https:\/\/lesdessousdenath.fr\/#website\",\"url\":\"https:\/\/lesdessousdenath.fr\/\",\"name\":\"Les dessous de Nath\",\"description\":\"Belle en collants\",\"publisher\":{\"@id\":\"https:\/\/lesdessousdenath.fr\/#organization\"},\"potentialAction\":[{\"@type\":\"SearchAction\",\"target\":{\"@type\":\"EntryPoint\",\"urlTemplate\":\"https:\/\/lesdessousdenath.fr\/?s={search_term_string}\"},\"query-input\":{\"@type\":\"PropertyValueSpecification\",\"valueRequired\":true,\"valueName\":\"search_term_string\"}}],\"inLanguage\":\"fr-FR\"},{\"@type\":\"Organization\",\"@id\":\"https:\/\/lesdessousdenath.fr\/#organization\",\"name\":\"Les dessous de Nath\",\"url\":\"https:\/\/lesdessousdenath.fr\/\",\"logo\":{\"@type\":\"ImageObject\",\"inLanguage\":\"fr-FR\",\"@id\":\"https:\/\/lesdessousdenath.fr\/#\/schema\/logo\/image\/\",\"url\":\"https:\/\/lesdessousdenath.fr\/wp-content\/uploads\/2020\/09\/logo.png\",\"contentUrl\":\"https:\/\/lesdessousdenath.fr\/wp-content\/uploads\/2020\/09\/logo.png\",\"width\":207,\"height\":32,\"caption\":\"Les dessous de Nath\"},\"image\":{\"@id\":\"https:\/\/lesdessousdenath.fr\/#\/schema\/logo\/image\/\"},\"sameAs\":[\"https:\/\/www.facebook.com\/Les-dessous-de-Nath-100724281804184\/\",\"https:\/\/x.com\/DessousNath\",\"https:\/\/www.instagram.com\/LesDessousdeNath\"]}]}<\/script>\n<!-- \/ Yoast SEO plugin. -->","yoast_head_json":{"title":"DOTS - collants chair \u00e0 motif de petits points de chez Gabriella","description":"Ces collants DOTS \u00e0 motif sont d\u00e9cor\u00e9s de petits points rouges et oranges \u00e9parpill\u00e9s sur toutes les jambes, des pieds jusqu'\u00e0 la taille.","robots":{"index":"index","follow":"follow","max-snippet":"max-snippet:-1","max-image-preview":"max-image-preview:large","max-video-preview":"max-video-preview:-1"},"canonical":"https:\/\/lesdessousdenath.fr\/index.php\/product\/collant-dots\/","og_locale":"fr_FR","og_type":"article","og_title":"DOTS - collants chair \u00e0 motif de petits points de chez Gabriella","og_description":"Ces collants DOTS \u00e0 motif sont d\u00e9cor\u00e9s de petits points rouges et oranges \u00e9parpill\u00e9s sur toutes les jambes, des pieds jusqu'\u00e0 la taille.","og_url":"https:\/\/lesdessousdenath.fr\/index.php\/product\/collant-dots\/","og_site_name":"Les dessous de Nath","article_publisher":"https:\/\/www.facebook.com\/Les-dessous-de-Nath-100724281804184\/","article_modified_time":"2026-04-16T00:45:08+00:00","og_image":[{"width":840,"height":1500,"url":"https:\/\/lesdessousdenath.fr\/wp-content\/uploads\/2025\/08\/Collant-Dots-Chair-1.jpg","type":"image\/jpeg"}],"twitter_card":"summary_large_image","twitter_site":"@DessousNath","twitter_misc":{"Dur\u00e9e de lecture estim\u00e9e":"1 minute"},"schema":{"@context":"https:\/\/schema.org","@graph":[{"@type":"WebPage","@id":"https:\/\/lesdessousdenath.fr\/index.php\/product\/collant-dots\/","url":"https:\/\/lesdessousdenath.fr\/index.php\/product\/collant-dots\/","name":"DOTS - collants chair \u00e0 motif de petits points de chez Gabriella","isPartOf":{"@id":"https:\/\/lesdessousdenath.fr\/#website"},"primaryImageOfPage":{"@id":"https:\/\/lesdessousdenath.fr\/index.php\/product\/collant-dots\/#primaryimage"},"image":{"@id":"https:\/\/lesdessousdenath.fr\/index.php\/product\/collant-dots\/#primaryimage"},"thumbnailUrl":"https:\/\/i0.wp.com\/lesdessousdenath.fr\/wp-content\/uploads\/2025\/08\/Collant-Dots-Chair-1.jpg?fit=840%2C1500&ssl=1","datePublished":"2025-08-29T09:19:29+00:00","dateModified":"2026-04-16T00:45:08+00:00","description":"Ces collants DOTS \u00e0 motif sont d\u00e9cor\u00e9s de petits points rouges et oranges \u00e9parpill\u00e9s sur toutes les jambes, des pieds jusqu'\u00e0 la taille.","breadcrumb":{"@id":"https:\/\/lesdessousdenath.fr\/index.php\/product\/collant-dots\/#breadcrumb"},"inLanguage":"fr-FR","potentialAction":[{"@type":"ReadAction","target":["https:\/\/lesdessousdenath.fr\/index.php\/product\/collant-dots\/"]}]},{"@type":"ImageObject","inLanguage":"fr-FR","@id":"https:\/\/lesdessousdenath.fr\/index.php\/product\/collant-dots\/#primaryimage","url":"https:\/\/i0.wp.com\/lesdessousdenath.fr\/wp-content\/uploads\/2025\/08\/Collant-Dots-Chair-1.jpg?fit=840%2C1500&ssl=1","contentUrl":"https:\/\/i0.wp.com\/lesdessousdenath.fr\/wp-content\/uploads\/2025\/08\/Collant-Dots-Chair-1.jpg?fit=840%2C1500&ssl=1","width":840,"height":1500},{"@type":"BreadcrumbList","@id":"https:\/\/lesdessousdenath.fr\/index.php\/product\/collant-dots\/#breadcrumb","itemListElement":[{"@type":"ListItem","position":1,"name":"Home","item":"https:\/\/lesdessousdenath.fr\/"},{"@type":"ListItem","position":2,"name":"BAS &#038; COLLANTS","item":"https:\/\/lesdessousdenath.fr\/index.php\/shop\/"},{"@type":"ListItem","position":3,"name":"Collant DOTS chair"}]},{"@type":"WebSite","@id":"https:\/\/lesdessousdenath.fr\/#website","url":"https:\/\/lesdessousdenath.fr\/","name":"Les dessous de Nath","description":"Belle en collants","publisher":{"@id":"https:\/\/lesdessousdenath.fr\/#organization"},"potentialAction":[{"@type":"SearchAction","target":{"@type":"EntryPoint","urlTemplate":"https:\/\/lesdessousdenath.fr\/?s={search_term_string}"},"query-input":{"@type":"PropertyValueSpecification","valueRequired":true,"valueName":"search_term_string"}}],"inLanguage":"fr-FR"},{"@type":"Organization","@id":"https:\/\/lesdessousdenath.fr\/#organization","name":"Les dessous de Nath","url":"https:\/\/lesdessousdenath.fr\/","logo":{"@type":"ImageObject","inLanguage":"fr-FR","@id":"https:\/\/lesdessousdenath.fr\/#\/schema\/logo\/image\/","url":"https:\/\/lesdessousdenath.fr\/wp-content\/uploads\/2020\/09\/logo.png","contentUrl":"https:\/\/lesdessousdenath.fr\/wp-content\/uploads\/2020\/09\/logo.png","width":207,"height":32,"caption":"Les dessous de Nath"},"image":{"@id":"https:\/\/lesdessousdenath.fr\/#\/schema\/logo\/image\/"},"sameAs":["https:\/\/www.facebook.com\/Les-dessous-de-Nath-100724281804184\/","https:\/\/x.com\/DessousNath","https:\/\/www.instagram.com\/LesDessousdeNath"]}]}},"jetpack_sharing_enabled":true,"_links":{"self":[{"href":"https:\/\/lesdessousdenath.fr\/index.php\/wp-json\/wp\/v2\/product\/10773","targetHints":{"allow":["GET"]}}],"collection":[{"href":"https:\/\/lesdessousdenath.fr\/index.php\/wp-json\/wp\/v2\/product"}],"about":[{"href":"https:\/\/lesdessousdenath.fr\/index.php\/wp-json\/wp\/v2\/types\/product"}],"replies":[{"embeddable":true,"href":"https:\/\/lesdessousdenath.fr\/index.php\/wp-json\/wp\/v2\/comments?post=10773"}],"wp:featuredmedia":[{"embeddable":true,"href":"https:\/\/lesdessousdenath.fr\/index.php\/wp-json\/wp\/v2\/media\/10778"}],"wp:attachment":[{"href":"https:\/\/lesdessousdenath.fr\/index.php\/wp-json\/wp\/v2\/media?parent=10773"}],"wp:term":[{"taxonomy":"product_brand","embeddable":true,"href":"https:\/\/lesdessousdenath.fr\/index.php\/wp-json\/wp\/v2\/product_brand?post=10773"},{"taxonomy":"product_cat","embeddable":true,"href":"https:\/\/lesdessousdenath.fr\/index.php\/wp-json\/wp\/v2\/product_cat?post=10773"},{"taxonomy":"product_tag","embeddable":true,"href":"https:\/\/lesdessousdenath.fr\/index.php\/wp-json\/wp\/v2\/product_tag?post=10773"}],"curies":[{"name":"wp","href":"https:\/\/api.w.org\/{rel}","templated":true}]}}