{"id":8573,"date":"2022-04-02T15:33:27","date_gmt":"2022-04-02T15:33:27","guid":{"rendered":"https:\/\/lesdessousdenath.fr\/?post_type=product&#038;p=8573"},"modified":"2026-04-16T00:49:06","modified_gmt":"2026-04-16T00:49:06","slug":"porte-jarretelles-loventy","status":"publish","type":"product","link":"https:\/\/lesdessousdenath.fr\/index.php\/product\/porte-jarretelles-loventy\/","title":{"rendered":"PORTE JARRETELLES LOVENTY"},"content":{"rendered":"<p><strong>PORTE JARRETELLES LOVENTY<\/strong><\/p>\n<p> &#8211; Porte-jarretelles Loventy &#8211; design exquis et couleur unique<br \/>\n &#8211; Fermeture en plusieurs \u00e9tapes qui garantit un ajustement parfait fesses expos\u00e9es<br \/>\n &#8211; Doubles bretelles d&rsquo;une \u00e9lasticit\u00e9 exceptionnelle pour accentuer les hanches<br \/>\n &#8211; Un pendentif d\u00e9coratif \u00e0 l&rsquo;avant qui brille et attire l&rsquo;attention<br \/>\n &#8211; Jarretelles r\u00e9glables \u2013 sex-appeal et longueur parfaitement ajust\u00e9e<br \/>\n &#8211; Dentelle d\u00e9licatement transparente \u00e0 motif floral<br \/>\n &#8211; Mati\u00e8re agr\u00e9able \u00e0 l&rsquo;\u00e9lasticit\u00e9 id\u00e9ale (90% polyamide, 10% \u00e9lasthanne)<br \/>\n &#8211; Bas non inclus<br \/>\n &#8211; String non inclus<\/p>\n","protected":false},"excerpt":{"rendered":"<p style=\"margin-top: -100px; margin-left: -45px;\"><img decoding=\"async\" style=\"max-height: 120px;\" src=\"https:\/\/lesdessousdenath.fr\/wp-content\/uploads\/2020\/11\/Nat.png\" \/><\/p>\n<p style=\"font-size: 30px; margin-top: -50px;\"><strong>PORTE JARRETELLE LOVENTY<\/strong><\/p>\n<p>Un porte-jarretelles sensuel fait pour vous ? Promis, \u00e7a va chauffer !<br \/>\nRouge feu, bretelles et dentelle florale &#8211; ce mod\u00e8le est votre v\u0153u devenu r\u00e9alit\u00e9 ! Vous ne pourrez pas vous lasser du sexy Loventy, qui r\u00e9chauffera au maximum l&rsquo;atmosph\u00e8re d&rsquo;amour et de ravissement entre vous deux.<br \/>\nAu moment o\u00f9 vous mettez le porte-jarretelles, il saura que le programme d&rsquo;aujourd&rsquo;hui comprend un marathon de plaisir ensemble.<br \/>\n<strong>Bas et String non inclus !<\/strong><\/p>\n<blockquote><p>Allez-vous lui donner une fi\u00e8vre d&rsquo;amour t\u00f4t le matin ou le surprendre le soir ? <\/p><\/blockquote>\n<table style=\"width;100%;\">\n<tbody>\n<tr>\n<td style=\"text-align: center; margin: 5px; background-color: #ffffff;\">Pochette avant<br \/>\n<a href=\"https:\/\/lesdessousdenath.fr\/wp-content\/uploads\/2022\/04\/Porte-Jarretelles-Loventy-5.jpg\"><br \/>\n<img decoding=\"async\" style=\"margin-top: -20px;\" src=\"https:\/\/lesdessousdenath.fr\/wp-content\/uploads\/2022\/04\/Porte-Jarretelles-Loventy-5.jpg\" \/><br \/>\n<\/a><\/td>\n<td style=\"text-align: center; margin: 5px; background-color: #ffffff;\">Pochette arri\u00e8re<br \/>\n<a href=\"https:\/\/lesdessousdenath.fr\/wp-content\/uploads\/2022\/04\/Porte-Jarretelles-Loventy-6.jpg\"><br \/>\n<img decoding=\"async\" style=\"margin-top: -20px;\" src=\"https:\/\/lesdessousdenath.fr\/wp-content\/uploads\/2022\/04\/Porte-Jarretelles-Loventy-6.jpg\" \/><br \/>\n<\/a><\/td>\n<\/tr>\n<\/tbody>\n<\/table>\n<p style=\"text-align: center;\"><strong style=\"color: #ff0000;\">Attention !<\/strong><br \/>\nLes tailles peuvent \u00eatre diff\u00e9rentes selon les marques.<br \/>\n<a href=\"https:\/\/lesdessousdenath.fr\/wp-content\/uploads\/2021\/10\/Porte-jarretelles-Rediosa-8.jpg\">Voire le guide des tailles<\/a><\/p>\n","protected":false},"featured_media":8576,"comment_status":"open","ping_status":"closed","template":"","meta":[],"product_brand":[],"product_cat":[395,398],"product_tag":[],"class_list":{"0":"post-8573","1":"product","2":"type-product","3":"status-publish","4":"has-post-thumbnail","6":"product_cat-lingerie","7":"product_cat-porte-jarretelles-lingerie","9":"first","10":"instock","11":"taxable","12":"shipping-taxable","13":"purchasable","14":"product-type-variable"},"yoast_head":"<!-- This site is optimized with the Yoast SEO plugin v27.2 - https:\/\/yoast.com\/product\/yoast-seo-wordpress\/ -->\n<title>LOVENTY - Porte-jarretelles rouge de chez OBSESSIVE<\/title>\n<meta name=\"description\" content=\"Rouge feu, bretelles et dentelle florale - ce mod\u00e8le est votre v\u0153u devenu r\u00e9alit\u00e9 ! Vous ne pourrez pas vous lasser du sexy Loventy,\" \/>\n<meta name=\"robots\" content=\"index, follow, max-snippet:-1, max-image-preview:large, max-video-preview:-1\" \/>\n<link rel=\"canonical\" href=\"https:\/\/lesdessousdenath.fr\/index.php\/product\/porte-jarretelles-loventy\/\" \/>\n<meta property=\"og:locale\" content=\"fr_FR\" \/>\n<meta property=\"og:type\" content=\"article\" \/>\n<meta property=\"og:title\" content=\"LOVENTY - Porte-jarretelles rouge de chez OBSESSIVE\" \/>\n<meta property=\"og:description\" content=\"Rouge feu, bretelles et dentelle florale - ce mod\u00e8le est votre v\u0153u devenu r\u00e9alit\u00e9 ! Vous ne pourrez pas vous lasser du sexy Loventy,\" \/>\n<meta property=\"og:url\" content=\"https:\/\/lesdessousdenath.fr\/index.php\/product\/porte-jarretelles-loventy\/\" \/>\n<meta property=\"og:site_name\" content=\"Les dessous de Nath\" \/>\n<meta property=\"article:publisher\" content=\"https:\/\/www.facebook.com\/Les-dessous-de-Nath-100724281804184\/\" \/>\n<meta property=\"article:modified_time\" content=\"2026-04-16T00:49:06+00:00\" \/>\n<meta property=\"og:image\" content=\"https:\/\/lesdessousdenath.fr\/wp-content\/uploads\/2022\/04\/Porte-Jarretelles-Loventy-1.jpg\" \/>\n\t<meta property=\"og:image:width\" content=\"840\" \/>\n\t<meta property=\"og:image:height\" content=\"1500\" \/>\n\t<meta property=\"og:image:type\" content=\"image\/jpeg\" \/>\n<meta name=\"twitter:card\" content=\"summary_large_image\" \/>\n<meta name=\"twitter:site\" content=\"@DessousNath\" \/>\n<meta name=\"twitter:label1\" content=\"Dur\u00e9e de lecture estim\u00e9e\" \/>\n\t<meta name=\"twitter:data1\" content=\"1 minute\" \/>\n<script type=\"application\/ld+json\" class=\"yoast-schema-graph\">{\"@context\":\"https:\/\/schema.org\",\"@graph\":[{\"@type\":\"WebPage\",\"@id\":\"https:\/\/lesdessousdenath.fr\/index.php\/product\/porte-jarretelles-loventy\/\",\"url\":\"https:\/\/lesdessousdenath.fr\/index.php\/product\/porte-jarretelles-loventy\/\",\"name\":\"LOVENTY - Porte-jarretelles rouge de chez OBSESSIVE\",\"isPartOf\":{\"@id\":\"https:\/\/lesdessousdenath.fr\/#website\"},\"primaryImageOfPage\":{\"@id\":\"https:\/\/lesdessousdenath.fr\/index.php\/product\/porte-jarretelles-loventy\/#primaryimage\"},\"image\":{\"@id\":\"https:\/\/lesdessousdenath.fr\/index.php\/product\/porte-jarretelles-loventy\/#primaryimage\"},\"thumbnailUrl\":\"https:\/\/i0.wp.com\/lesdessousdenath.fr\/wp-content\/uploads\/2022\/04\/Porte-Jarretelles-Loventy-1.jpg?fit=840%2C1500&ssl=1\",\"datePublished\":\"2022-04-02T15:33:27+00:00\",\"dateModified\":\"2026-04-16T00:49:06+00:00\",\"description\":\"Rouge feu, bretelles et dentelle florale - ce mod\u00e8le est votre v\u0153u devenu r\u00e9alit\u00e9 ! Vous ne pourrez pas vous lasser du sexy Loventy,\",\"breadcrumb\":{\"@id\":\"https:\/\/lesdessousdenath.fr\/index.php\/product\/porte-jarretelles-loventy\/#breadcrumb\"},\"inLanguage\":\"fr-FR\",\"potentialAction\":[{\"@type\":\"ReadAction\",\"target\":[\"https:\/\/lesdessousdenath.fr\/index.php\/product\/porte-jarretelles-loventy\/\"]}]},{\"@type\":\"ImageObject\",\"inLanguage\":\"fr-FR\",\"@id\":\"https:\/\/lesdessousdenath.fr\/index.php\/product\/porte-jarretelles-loventy\/#primaryimage\",\"url\":\"https:\/\/i0.wp.com\/lesdessousdenath.fr\/wp-content\/uploads\/2022\/04\/Porte-Jarretelles-Loventy-1.jpg?fit=840%2C1500&ssl=1\",\"contentUrl\":\"https:\/\/i0.wp.com\/lesdessousdenath.fr\/wp-content\/uploads\/2022\/04\/Porte-Jarretelles-Loventy-1.jpg?fit=840%2C1500&ssl=1\",\"width\":840,\"height\":1500,\"caption\":\"Porte Jarretelles Loventy\"},{\"@type\":\"BreadcrumbList\",\"@id\":\"https:\/\/lesdessousdenath.fr\/index.php\/product\/porte-jarretelles-loventy\/#breadcrumb\",\"itemListElement\":[{\"@type\":\"ListItem\",\"position\":1,\"name\":\"Home\",\"item\":\"https:\/\/lesdessousdenath.fr\/\"},{\"@type\":\"ListItem\",\"position\":2,\"name\":\"BAS &#038; COLLANTS\",\"item\":\"https:\/\/lesdessousdenath.fr\/index.php\/shop\/\"},{\"@type\":\"ListItem\",\"position\":3,\"name\":\"PORTE JARRETELLES LOVENTY\"}]},{\"@type\":\"WebSite\",\"@id\":\"https:\/\/lesdessousdenath.fr\/#website\",\"url\":\"https:\/\/lesdessousdenath.fr\/\",\"name\":\"Les dessous de Nath\",\"description\":\"Belle en collants\",\"publisher\":{\"@id\":\"https:\/\/lesdessousdenath.fr\/#organization\"},\"potentialAction\":[{\"@type\":\"SearchAction\",\"target\":{\"@type\":\"EntryPoint\",\"urlTemplate\":\"https:\/\/lesdessousdenath.fr\/?s={search_term_string}\"},\"query-input\":{\"@type\":\"PropertyValueSpecification\",\"valueRequired\":true,\"valueName\":\"search_term_string\"}}],\"inLanguage\":\"fr-FR\"},{\"@type\":\"Organization\",\"@id\":\"https:\/\/lesdessousdenath.fr\/#organization\",\"name\":\"Les dessous de Nath\",\"url\":\"https:\/\/lesdessousdenath.fr\/\",\"logo\":{\"@type\":\"ImageObject\",\"inLanguage\":\"fr-FR\",\"@id\":\"https:\/\/lesdessousdenath.fr\/#\/schema\/logo\/image\/\",\"url\":\"https:\/\/lesdessousdenath.fr\/wp-content\/uploads\/2020\/09\/logo.png\",\"contentUrl\":\"https:\/\/lesdessousdenath.fr\/wp-content\/uploads\/2020\/09\/logo.png\",\"width\":207,\"height\":32,\"caption\":\"Les dessous de Nath\"},\"image\":{\"@id\":\"https:\/\/lesdessousdenath.fr\/#\/schema\/logo\/image\/\"},\"sameAs\":[\"https:\/\/www.facebook.com\/Les-dessous-de-Nath-100724281804184\/\",\"https:\/\/x.com\/DessousNath\",\"https:\/\/www.instagram.com\/LesDessousdeNath\"]}]}<\/script>\n<!-- \/ Yoast SEO plugin. -->","yoast_head_json":{"title":"LOVENTY - Porte-jarretelles rouge de chez OBSESSIVE","description":"Rouge feu, bretelles et dentelle florale - ce mod\u00e8le est votre v\u0153u devenu r\u00e9alit\u00e9 ! Vous ne pourrez pas vous lasser du sexy Loventy,","robots":{"index":"index","follow":"follow","max-snippet":"max-snippet:-1","max-image-preview":"max-image-preview:large","max-video-preview":"max-video-preview:-1"},"canonical":"https:\/\/lesdessousdenath.fr\/index.php\/product\/porte-jarretelles-loventy\/","og_locale":"fr_FR","og_type":"article","og_title":"LOVENTY - Porte-jarretelles rouge de chez OBSESSIVE","og_description":"Rouge feu, bretelles et dentelle florale - ce mod\u00e8le est votre v\u0153u devenu r\u00e9alit\u00e9 ! Vous ne pourrez pas vous lasser du sexy Loventy,","og_url":"https:\/\/lesdessousdenath.fr\/index.php\/product\/porte-jarretelles-loventy\/","og_site_name":"Les dessous de Nath","article_publisher":"https:\/\/www.facebook.com\/Les-dessous-de-Nath-100724281804184\/","article_modified_time":"2026-04-16T00:49:06+00:00","og_image":[{"width":840,"height":1500,"url":"https:\/\/lesdessousdenath.fr\/wp-content\/uploads\/2022\/04\/Porte-Jarretelles-Loventy-1.jpg","type":"image\/jpeg"}],"twitter_card":"summary_large_image","twitter_site":"@DessousNath","twitter_misc":{"Dur\u00e9e de lecture estim\u00e9e":"1 minute"},"schema":{"@context":"https:\/\/schema.org","@graph":[{"@type":"WebPage","@id":"https:\/\/lesdessousdenath.fr\/index.php\/product\/porte-jarretelles-loventy\/","url":"https:\/\/lesdessousdenath.fr\/index.php\/product\/porte-jarretelles-loventy\/","name":"LOVENTY - Porte-jarretelles rouge de chez OBSESSIVE","isPartOf":{"@id":"https:\/\/lesdessousdenath.fr\/#website"},"primaryImageOfPage":{"@id":"https:\/\/lesdessousdenath.fr\/index.php\/product\/porte-jarretelles-loventy\/#primaryimage"},"image":{"@id":"https:\/\/lesdessousdenath.fr\/index.php\/product\/porte-jarretelles-loventy\/#primaryimage"},"thumbnailUrl":"https:\/\/i0.wp.com\/lesdessousdenath.fr\/wp-content\/uploads\/2022\/04\/Porte-Jarretelles-Loventy-1.jpg?fit=840%2C1500&ssl=1","datePublished":"2022-04-02T15:33:27+00:00","dateModified":"2026-04-16T00:49:06+00:00","description":"Rouge feu, bretelles et dentelle florale - ce mod\u00e8le est votre v\u0153u devenu r\u00e9alit\u00e9 ! Vous ne pourrez pas vous lasser du sexy Loventy,","breadcrumb":{"@id":"https:\/\/lesdessousdenath.fr\/index.php\/product\/porte-jarretelles-loventy\/#breadcrumb"},"inLanguage":"fr-FR","potentialAction":[{"@type":"ReadAction","target":["https:\/\/lesdessousdenath.fr\/index.php\/product\/porte-jarretelles-loventy\/"]}]},{"@type":"ImageObject","inLanguage":"fr-FR","@id":"https:\/\/lesdessousdenath.fr\/index.php\/product\/porte-jarretelles-loventy\/#primaryimage","url":"https:\/\/i0.wp.com\/lesdessousdenath.fr\/wp-content\/uploads\/2022\/04\/Porte-Jarretelles-Loventy-1.jpg?fit=840%2C1500&ssl=1","contentUrl":"https:\/\/i0.wp.com\/lesdessousdenath.fr\/wp-content\/uploads\/2022\/04\/Porte-Jarretelles-Loventy-1.jpg?fit=840%2C1500&ssl=1","width":840,"height":1500,"caption":"Porte Jarretelles Loventy"},{"@type":"BreadcrumbList","@id":"https:\/\/lesdessousdenath.fr\/index.php\/product\/porte-jarretelles-loventy\/#breadcrumb","itemListElement":[{"@type":"ListItem","position":1,"name":"Home","item":"https:\/\/lesdessousdenath.fr\/"},{"@type":"ListItem","position":2,"name":"BAS &#038; COLLANTS","item":"https:\/\/lesdessousdenath.fr\/index.php\/shop\/"},{"@type":"ListItem","position":3,"name":"PORTE JARRETELLES LOVENTY"}]},{"@type":"WebSite","@id":"https:\/\/lesdessousdenath.fr\/#website","url":"https:\/\/lesdessousdenath.fr\/","name":"Les dessous de Nath","description":"Belle en collants","publisher":{"@id":"https:\/\/lesdessousdenath.fr\/#organization"},"potentialAction":[{"@type":"SearchAction","target":{"@type":"EntryPoint","urlTemplate":"https:\/\/lesdessousdenath.fr\/?s={search_term_string}"},"query-input":{"@type":"PropertyValueSpecification","valueRequired":true,"valueName":"search_term_string"}}],"inLanguage":"fr-FR"},{"@type":"Organization","@id":"https:\/\/lesdessousdenath.fr\/#organization","name":"Les dessous de Nath","url":"https:\/\/lesdessousdenath.fr\/","logo":{"@type":"ImageObject","inLanguage":"fr-FR","@id":"https:\/\/lesdessousdenath.fr\/#\/schema\/logo\/image\/","url":"https:\/\/lesdessousdenath.fr\/wp-content\/uploads\/2020\/09\/logo.png","contentUrl":"https:\/\/lesdessousdenath.fr\/wp-content\/uploads\/2020\/09\/logo.png","width":207,"height":32,"caption":"Les dessous de Nath"},"image":{"@id":"https:\/\/lesdessousdenath.fr\/#\/schema\/logo\/image\/"},"sameAs":["https:\/\/www.facebook.com\/Les-dessous-de-Nath-100724281804184\/","https:\/\/x.com\/DessousNath","https:\/\/www.instagram.com\/LesDessousdeNath"]}]}},"jetpack_sharing_enabled":true,"_links":{"self":[{"href":"https:\/\/lesdessousdenath.fr\/index.php\/wp-json\/wp\/v2\/product\/8573","targetHints":{"allow":["GET"]}}],"collection":[{"href":"https:\/\/lesdessousdenath.fr\/index.php\/wp-json\/wp\/v2\/product"}],"about":[{"href":"https:\/\/lesdessousdenath.fr\/index.php\/wp-json\/wp\/v2\/types\/product"}],"replies":[{"embeddable":true,"href":"https:\/\/lesdessousdenath.fr\/index.php\/wp-json\/wp\/v2\/comments?post=8573"}],"wp:featuredmedia":[{"embeddable":true,"href":"https:\/\/lesdessousdenath.fr\/index.php\/wp-json\/wp\/v2\/media\/8576"}],"wp:attachment":[{"href":"https:\/\/lesdessousdenath.fr\/index.php\/wp-json\/wp\/v2\/media?parent=8573"}],"wp:term":[{"taxonomy":"product_brand","embeddable":true,"href":"https:\/\/lesdessousdenath.fr\/index.php\/wp-json\/wp\/v2\/product_brand?post=8573"},{"taxonomy":"product_cat","embeddable":true,"href":"https:\/\/lesdessousdenath.fr\/index.php\/wp-json\/wp\/v2\/product_cat?post=8573"},{"taxonomy":"product_tag","embeddable":true,"href":"https:\/\/lesdessousdenath.fr\/index.php\/wp-json\/wp\/v2\/product_tag?post=8573"}],"curies":[{"name":"wp","href":"https:\/\/api.w.org\/{rel}","templated":true}]}}